{"id":162,"date":"2018-05-04T10:01:01","date_gmt":"2018-05-04T08:01:01","guid":{"rendered":"https:\/\/foerderinstitut-koeln.de\/rodenkirchen\/?page_id=162"},"modified":"2025-03-21T10:07:24","modified_gmt":"2025-03-21T09:07:24","slug":"datenschutzerklaerung","status":"publish","type":"page","link":"https:\/\/foerderinstitut-koeln.de\/rodenkirchen\/datenschutzerklaerung\/","title":{"rendered":"Datenschutzerkl\u00e4rung"},"content":{"rendered":"<h1>Datenschutz<\/h1>\n<p>Der Schutz und die Sicherheit Ihrer pers\u00f6nlichen Daten ist uns sehr wichtig und hat einen hohen Stellenwert f\u00fcr uns. Wir halten uns daher konsequent an die aktuellen Datenschutzvorgaben. Im Folgenden informieren wir Sie, wie und f\u00fcr welchen Zweck Daten erhoben und verarbeitet werden:<\/p>\n<p>&nbsp;<\/p>\n<h3>Daten\u00fcbermittlung \/Datenprotokollierung<\/h3>\n<p>Beim Besuch unserer Homepage speichert der Web-Server automatisch Log-Files, die keiner bestimmten Person zugeordnet werden k\u00f6nnen. Hierbei handelt es sich&nbsp;um:<\/p>\n<ul>\n<li>Browsertyp und Browserversion<\/li>\n<li>das verwendete Betriebssystem<\/li>\n<li>Referrer <span class=\"caps\">URL<\/span> (die zuvor besuchte Seite)<\/li>\n<li>Hostname des anfragenden Rechners<\/li>\n<li>Zugriffsdatum und Zugriffsuhrzeit der Serveranfrage<\/li>\n<li>die Dateianfrage des Client (Dateiname und&nbsp;<span class=\"caps\">URL<\/span>)<\/li>\n<\/ul>\n<p>Diese Daten werden nur zum Zweck der statistischen Auswertung gesammelt. Eine Weitergabe an Dritte, zu kommerziellen oder nichtkommerziellen Zwecken, findet nicht&nbsp;statt.<\/p>\n<p>&nbsp;<\/p>\n<h3>Nutzung pers\u00f6nlicher Daten<\/h3>\n<p>Pers\u00f6nliche Daten werden nur erhoben oder verarbeitet, wenn Sie diese Angaben freiwillig machen, z.B. wenn Sie uns per E\u2011Mail kontaktieren. Sofern keine erforderlichen Gr\u00fcnde im Zusammenhang mit Ihrer Anfrage bestehen, k\u00f6nnen Sie jederzeit die zuvor erteilte Genehmigung Ihrer pers\u00f6nlichen Datenspeicherung mit sofortiger Wirkung schriftlich (z.B. per E\u2011Mail, per Brief oder per Fax) widerrufen. Ihre Daten werden nicht an Dritte weitergeben, es sei denn, eine Weitergabe ist aufgrund gesetzlicher Vorschriften erforderlich.<\/p>\n<p>&nbsp;<\/p>\n<h3>Auskunft, \u00c4nderung und L\u00f6schung Ihrer&nbsp;Daten<\/h3>\n<p>Gem\u00e4\u00df geltendem Recht k\u00f6nnen Sie jederzeit bei uns schriftlich nachfragen, ob und welche personenbezogenen Daten bei uns \u00fcber Sie gespeichert sind. Eine entsprechende Mitteilung hierzu erhalten Sie umgehend.<\/p>\n<p>&nbsp;<\/p>\n<h3>Sicherheit Ihrer&nbsp;Daten<\/h3>\n<p>Ihre uns zur Verf\u00fcgung gestellten pers\u00f6nlichen Daten werden durch Ergreifung aller technischen sowie organisatorischen Sicherheitsma\u00dfnahmen so gesichert, dass sie f\u00fcr den Zugriff unberechtigter Dritter unzug\u00e4nglich sind. Bei Versendung von sehr sensiblen Gesundheitsdaten Daten oder Informationen ist es empfehlenswert, den Postweg zu nutzen, da eine vollst\u00e4ndige Datensicherheit per E\u2011Mail nicht gew\u00e4hrleistet werden kann.<\/p>\n<p>Wenn Sie den Auftrag zur Erbringung einer Dienstleistung oder zur Zusendung von Waren erteilen, werden Ihre pers\u00f6nlichen Daten nur insoweit erhoben und gespeicherte, wie es f\u00fcr die Durchf\u00fchrung der Dienstleistung oder die Durchf\u00fchrung des Vertrages notwendig ist. Dazu kann es erforderlich sein, Ihre pers\u00f6nlichen Daten an Unternehmen weiterzugeben, die wir zur Erbringung der Dienstleistung oder zur Vertragsabwicklung einsetzen. Dies sind z. B. Transportunternehmen oder andere Service-Dienste wie etwa Abrechnungsunternehmen.<\/p>\n<p>&nbsp;<\/p>\n<h3>Cookies<\/h3>\n<p>Auf unserer Homepage verwenden wir sog. \u201cSession-Cookies\u201d, um Ihnen die Nutzung unserer Webseiten zu erleichtern. Dabei handelt es sich um kleine Textdateien, die nur f\u00fcr die Dauer Ihres Besuchs unserer Webseite auf Ihrer Festplatte hinterlegt und abh\u00e4ngig von der Einstellung Ihres Browser-Programms beim Beenden des Browsers wieder gel\u00f6scht werden. Diese Cookies rufen keine auf Ihrer Festplatte \u00fcber Sie gespeicherten Informationen ab und beeintr\u00e4chtigen nicht Ihren <span class=\"caps\">PC<\/span> oder ihre Dateien. Die meisten Browser sind so eingestellt, dass sie Cookies automatisch akzeptieren. Sie k\u00f6nnen das Speichern von Cookies jedoch deaktivieren oder ihren Browser so einstellen, dass er Sie auf die Sendung von Cookies hinweist.<\/p>\n<p>&nbsp;<\/p>\n<h3>Kontaktformular<\/h3>\n<p>Wenn Sie uns per Kontaktformular Anfragen zukommen lassen, werden Ihre Angaben aus dem Anfrageformular inklusive der von Ihnen dort angegebenen Kontaktdaten zwecks Bearbeitung der Anfrage und f\u00fcr den Fall von Anschlussfragen bei uns gespeichert. Diese Daten geben wir nicht ohne Ihre Einwilligung weiter.<\/p>\n<p>Die Verarbeitung der in das Kontaktformular eingegebenen Daten erfolgt somit ausschlie\u00dflich auf Grundlage Ihrer Einwilligung (Art. 6 Abs. 1 lit. a <span class=\"caps\">DSGVO<\/span>). Sie k\u00f6nnen diese Einwilligung jederzeit widerrufen. Dazu reicht eine formlose Mitteilung per E\u2011Mail an uns. Die Rechtm\u00e4\u00dfigkeit der bis zum Widerruf erfolgten Datenverarbeitungsvorg\u00e4nge bleibt vom Widerruf unber\u00fchrt. Die von Ihnen im Kontaktformular eingegebenen Daten verbleiben bei uns, bis Sie uns zur L\u00f6schung auffordern, Ihre Einwilligung zur Speicherung widerrufen oder der Zweck f\u00fcr die Datenspeicherung entf\u00e4llt (z.B. nach abgeschlossener Bearbeitung Ihrer Anfrage). Zwingende gesetzliche Bestimmungen \u2013 insbesondere Aufbewahrungsfristen \u2013 bleiben unber\u00fchrt.<\/p>\n<p>&nbsp;<\/p>\n<h3>Google Web&nbsp;Fonts<\/h3>\n<p>Diese Seite nutzt zur einheitlichen Darstellung von Schriftarten so genannte Web Fonts, die von Google bereitgestellt werden. Beim Aufruf einer Seite l\u00e4dt Ihr Browser die ben\u00f6tigten Web Fonts in ihren Browsercache, um Texte und Schriftarten korrekt anzuzeigen.<\/p>\n<p>Zu diesem Zweck muss der von Ihnen verwendete Browser Verbindung zu den Servern von Google aufnehmen. Hierdurch erlangt Google Kenntnis dar\u00fcber, dass \u00fcber Ihre IP-Adresse unsere Website aufgerufen wurde. Die Nutzung von Google Web Fonts erfolgt im Interesse einer einheitlichen und ansprechenden Darstellung unserer Online-Angebote. Dies stellt ein berechtigtes Interesse im Sinne von Art. 6 Abs. 1 lit. f <span class=\"caps\">DSGVO<\/span>&nbsp;dar.<\/p>\n<p>Wenn Ihr Browser Web Fonts nicht unterst\u00fctzt, wird eine Standardschrift von Ihrem Computer genutzt. Weitere Informationen zu Google Web Fonts finden Sie unter <a href=\"https:\/\/developers.google.com\/fonts\/faq\">https:\/\/developers.google.com\/fonts\/faq<\/a> und in der Datenschutzerkl\u00e4rung von Google: <a href=\"https:\/\/www.google.com\/policies\/privacy\/\">https:\/\/www.google.com\/policies\/privacy\/<\/a>.<\/p>\n<p>&nbsp;<\/p>\n<h3>Google Maps<\/h3>\n<p>Diese Seite nutzt \u00fcber eine <span class=\"caps\">API<\/span> den Kartendienst Google Maps. Anbieter ist die Google Inc., 1600 Amphitheatre Parkway, Mountain View, <span class=\"caps\">CA<\/span> 94043, <span class=\"caps\">USA<\/span>. Zur Nutzung der Funktionen von Google Maps ist es notwendig, Ihre <span class=\"caps\">IP<\/span> Adresse zu speichern. Diese Informationen werden in der Regel an einen Server von Google in den <span class=\"caps\">USA<\/span> \u00fcbertragen und dort gespeichert. Der Anbieter dieser Seite hat keinen Einfluss auf diese Daten\u00fcbertragung.<\/p>\n<p>Die Nutzung von Google Maps erfolgt im Interesse einer ansprechenden Darstellung unserer Online-Angebote und an einer leichten Auffindbarkeit der von uns auf der Website angegebenen Orte. Dies stellt ein berechtigtes Interesse im Sinne von Art. 6 Abs. 1 lit. f <span class=\"caps\">DSGVO<\/span>&nbsp;dar.<\/p>\n<p>Mehr Informationen zum Umgang mit Nutzerdaten finden Sie in der Datenschutzerkl\u00e4rung von Google: <a href=\"https:\/\/www.google.de\/intl\/de\/policies\/privacy\/\">https:\/\/www.google.de\/intl\/de\/policies\/privacy\/<\/a>.<\/p>\n<p>&nbsp;<\/p>\n<h3>Google Analytics<\/h3>\n<p>Diese Website nutzt Funktionen des Webanalysedienstes Google Analytics. Anbieter ist die Google Ireland Limited, Gordon House, Barrow Street, Dublin 4, Irland.<\/p>\n<p>Google Analytics verwendet sogenannte \u201cCookies\u201d. Das sind Textdateien, die auf Ihrem Computer gespeichert werden und die eine Analyse der Benutzung der Website durch Sie erm\u00f6glichen. Die durch den Cookie erzeugten Informationen \u00fcber Ihre Benutzung dieser Website werden in der Regel an einen Server von Google in den <span class=\"caps\">USA<\/span> \u00fcbertragen und dort gespeichert.<\/p>\n<p>Mehr Informationen zum Umgang mit Nutzerdaten bei Google Analytics finden Sie in der Datenschutzerkl\u00e4rung von Google: <a href=\"https:\/\/support.google.com\/analytics\/answer\/6004245?hl=de\">https:\/\/support.google.com\/analytics\/answer\/6004245?hl=de<\/a>.<\/p>\n<p>&nbsp;<\/p>\n<h3>\u00c4nderungen dieser Datenschutzbestimmungen<\/h3>\n<p>Wir werden diese Richtlinien zum Schutz Ihrer pers\u00f6nlichen Daten von Zeit zu Zeit aktualisieren. Sie sollten sich diese Richtlinien gelegentlich ansehen, um auf dem Laufenden dar\u00fcber zu bleiben, wie wir Ihre Daten sch\u00fctzen und die Inhalte unserer Website stetig verbessern. Sollten wir wesentliche \u00c4nderungen bei der Sammlung, der Nutzung und\/oder der Weitergabe der uns von Ihnen zur Verf\u00fcgung gestellten personenbezogenen Daten vornehmen, werden wir Sie durch einen eindeutigen und gut sichtbaren Hinweis auf der Website darauf aufmerksam machen. Mit der Nutzung der Webseite erkl\u00e4ren Sie sich mit den Bedingungen dieser Richtlinien zum Schutz pers\u00f6nlicher Daten einverstanden.<\/p>\n","protected":false},"excerpt":{"rendered":"<p>Datenschutz Der Schutz und die Sicherheit Ihrer pers\u00f6nlichen Daten ist uns sehr wichtig und hat einen hohen Stellenwert f\u00fcr uns. Wir halten uns daher konsequent an die aktuellen Datenschutzvorgaben. Im Folgenden informieren wir Sie, wie und f\u00fcr welchen Zweck&nbsp;Daten<\/p>\n","protected":false},"author":1,"featured_media":0,"parent":0,"menu_order":0,"comment_status":"closed","ping_status":"closed","template":"","meta":{"wp_typography_post_enhancements_disabled":false,"footnotes":""},"tags":[],"class_list":["post-162","page","type-page","status-publish","hentry"],"_links":{"self":[{"href":"https:\/\/foerderinstitut-koeln.de\/rodenkirchen\/wp-json\/wp\/v2\/pages\/162","targetHints":{"allow":["GET"]}}],"collection":[{"href":"https:\/\/foerderinstitut-koeln.de\/rodenkirchen\/wp-json\/wp\/v2\/pages"}],"about":[{"href":"https:\/\/foerderinstitut-koeln.de\/rodenkirchen\/wp-json\/wp\/v2\/types\/page"}],"author":[{"embeddable":true,"href":"https:\/\/foerderinstitut-koeln.de\/rodenkirchen\/wp-json\/wp\/v2\/users\/1"}],"replies":[{"embeddable":true,"href":"https:\/\/foerderinstitut-koeln.de\/rodenkirchen\/wp-json\/wp\/v2\/comments?post=162"}],"version-history":[{"count":3,"href":"https:\/\/foerderinstitut-koeln.de\/rodenkirchen\/wp-json\/wp\/v2\/pages\/162\/revisions"}],"predecessor-version":[{"id":395,"href":"https:\/\/foerderinstitut-koeln.de\/rodenkirchen\/wp-json\/wp\/v2\/pages\/162\/revisions\/395"}],"wp:attachment":[{"href":"https:\/\/foerderinstitut-koeln.de\/rodenkirchen\/wp-json\/wp\/v2\/media?parent=162"}],"wp:term":[{"taxonomy":"post_tag","embeddable":true,"href":"https:\/\/foerderinstitut-koeln.de\/rodenkirchen\/wp-json\/wp\/v2\/tags?post=162"}],"curies":[{"name":"wp","href":"https:\/\/api.w.org\/{rel}","templated":true}]}}